y 42?
15
What is the remainder when 2110 is divided by 702?
4
Calculate the remainder when 1403 is divided by 32.
27
What is the remainder when 6538 is divided by 30?
28
Calculate the remainder when 318 is divided by 83.
69
What is the remainder when 189 is divided by 66?
57
What is the remainder when 65 is divided by 46?
19
Calculate the remainder when 1641 is divided by 13.
3
What is the remainder when 2243 is divided by 9?
2
Calculate the remainder when 1422 is divided by 19.
16
What is the remainder when 317 is divided by 181?
136
Calculate the remainder when 1600 is divided by 24.
16
Calculate the remainder when 197 is divided by 40.
37
Calculate the remainder when 797 is divided by 114.
113
Calculate the remainder when 448 is divided by 144.
16
What is the remainder when 533 is divided by 45?
38
Calculate the remainder when 27 is divided by 9.
0
Calculate the remainder when 931 is divided by 85.
81
What is the remainder when 28 is divided by 26?
2
What is the remainder when 130 is divided by 24?
10
Calculate the remainder when 131 is divided by 32.
3
What is the remainder when 134 is divided by 17?
15
What is the remainder when 736 is divided by 191?
163
Calculate the remainder when 439 is divided by 9.
7
Calculate the remainder when 1277 is divided by 211.
11
What is the remainder when 268 is divided by 16?
12
Calculate the remainder when 3679 is divided by 20.
19
What is the remainder when 1376 is divided by 53?
51
What is the remainder when 990 is divided by 331?
328
What is the remainder when 7750 is divided by 24?
22
What is the remainder when 181 is divided by 46?
43
Calculate the remainder when 828 is divided by 37.
14
Calculate the remainder when 214 is divided by 72.
70
Calculate the remainder when 313 is divided by 3.
1
What is the remainder when 862 is divided by 392?
78
Calculate the remainder when 280 is divided by 15.
10
Calculate the remainder when 168 is divided by 36.
24
What is the remainder when 2478 is divided by 18?
12
What is the remainder when 14 is divided by 13?
1
Calculate the remainder when 982 is divided by 41.
39
What is the remainder when 53 is divided by 9?
8
What is the remainder when 18 is divided by 12?
6
Calculate the remainder when 2013 is divided by 50.
13
What is the remainder when 697 is divided by 183?
148
What is the remainder when 533 is divided by 175?
8
What is the remainder when 911 is divided by 16?
15
Calculate the remainder when 64 is divided by 22.
20
Calculate the remainder when 1562 is divided by 23.
21
Calculate the remainder when 1217 is divided by 60.
17
What is the remainder when 1157 is divided by 130?
117
Calculate the remainder when 61 is divided by 9.
7
What is the remainder when 3186 is divided by 28?
22
What is the remainder when 457 is divided by 67?
55
What is the remainder when 2737 is divided by 275?
262
Calculate the remainder when 94 is divided by 19.
18
What is the remainder when 391 is divided by 134?
123
Calculate the remainder when 4725 is divided by 197.
194
What is the remainder when 138 is divided by 29?
22
What is the remainder when 467 is divided by 78?
77
Calculate the remainder when 149 is divided by 34.
13
Calculate the remainder when 911 is divided by 38.
37
Calculate the remainder when 2378 is divided by 34.
32
Calculate the remainder when 1292 is divided by 107.
8
Calculate the remainder when 185 is divided by 6.
5
What is the remainder when 305 is divided by 1?
0
What is the remainder when 2878 is divided by 60?
58
What is the remainder when 138 is divided by 41?
15
What is the remainder when 4973 is divided by 34?
9
What is the remainder when 4078 is divided by 120?
118
What is the remainder when 301 is divided by 35?
21
Calculate the remainder when 170 is divided by 25.
20
What is the remainder when 40 is divided by 16?
8
Calculate the remainder when 175 is divided by 11.
10
What is the remainder when 214 is divided by 27?
25
Calculate the remainder when 471 is divided by 247.
224
Calculate the remainder when 251 is divided by 8.
3
What is the remainder when 73 is divided by 14?
3
What is the remainder when 733 is divided by 49?
47
What is the remainder when 77278 is divided by 420?
418
What is the remainder when 11 is divided by 11?
0
Calculate the remainder when 325 is divided by 53.
7
Calculate the remainder when 372 is divided by 79.
56
Calculate the remainder when 182 is divided by 127.
55
Calculate the remainder when 29869 is divided by 103.
102
Calculate the remainder when 737 is divided by 19.
15
What is the remainder when 6518 is divided by 108?
38
Calculate the remainder when 184 is divided by 47.
43
What is the remainder when 366 is divided by 119?
9
Calculate the remainder when 55 is divided by 4.
3
What is the remainder when 874 is divided by 235?
169
What is the remainder when 2129 is divided by 305?
299
Calculate the remainder when 135 is divided by 92.
43
What is the remainder when 18765 is divided by 272?
269
Calculate the remainder when 156 is divided by 83.
73
Calculate the remainder when 325 is divided by 178.
147
Calculate the remainder when 86 is divided by 22.
20
What is the remainder when 109 is divided by 54?
1
What is the remainder when 11533 is divided by 112?
109
What is the remainder when 371 is divided by 27?
20
Calculate the remainder when 629 is divided by 8.
5
Calculate the remainder when 66 is divided by 35.
31
Calculate the remainder when 197 is divided by 20.
17
Calculate the remainder when 1735 is divided by 87.
82
What is the remainder when 2898 is divided by 1445?
8
Calculate the remainder when 1421 is divided by 95.
91
Calculate the remainder when 10459 is divided by 27.
10
Calculate the remainder when 211 is divided by 52.
3
What is the remainder when 13718 is divided by 28?
26
Calculate the remainder when 1528 is divided by 139.
138
Calculate the remainder when 2890 is divided by 48.
10
Calculate the remainder when 674 is divided by 45.
44
Calculate the remainder when 288 is divided by 74.
66
What is the remainder when 155 is divided by 42?
29
What is the remainder when 2546 is divided by 1268?
10
What is the remainder when 166 is divided by 108?
58
What is the remainder when 277 is divided by 12?
1
What is the remainder when 348 is divided by 71?
64
What is the remainder when 104 is divided by 67?
37
Calculate the remainder when 30 is divided by 11.
8
Calculate the remainder when 4558 is divided by 10.
8
Calculate the remainder when 129 is divided by 12.
9
Calculate the remainder when 48 is divided by 10.
8
Calculate the remainder when 2173 is divided by 34.
31
What is the remainder when 1047 is divided by 35?
32
What is the remainder when 2500 is divided by 23?
16
Calculate the remainder when 102 is divided by 35.
32
What is the remainder when 96 is divided by 35?
26
What is the remainder when 2637 is divided by 835?
132
Calculate the remainder when 1064 is divided by 13.
11
Calculate the remainder when 112 is divided by 37.
1
Calculate the remainder when 25 is divided by 15.
10
Calculate the remainder when 997 is divided by 26.
9
What is the remainder when 224 is divided by 66?
26
What is the remainder when 181 is divided by 101?
80
What is the remainder when 95 is divided by 41?
13
What is the remainder when 504 is divided by 158?
30
What is the remainder when 7740 is divided by 87?
84
What is the remainder when 1949 is divided by 383?
34
What is the remainder when 1495 is divided by 107?
104
What is the remainder when 99 is divided by 10?
9
Calculate the remainder when 404 is divided by 199.
6
Calculate the remainder when 1999 is divided by 250.
249
Calculate the remainder when 93 is divided by 24.
21
What is the remainder when 24 is divided by 16?
8
What is the remainder when 55 is divided by 8?
7
What is the remainder when 36 is divided by 17?
2
Calculate the remainder when 254 is divided by 64.
62
What is the remainder when 126 is divided by 50?
26
What is the remainder when 87 is divided by 26?
9
Calculate the remainder when 854 is divided by 57.
56
What is the remainder when 1967 is divided by 25?
17
What is the remainder when 2255 is divided by 47?
46
What is the remainder when 35 is divided by 7?
0
What is the remainder when 998 is divided by 497?
4
Calculate the remainder when 224 is divided by 